{"id":220,"date":"2017-07-15T14:20:16","date_gmt":"2017-07-15T14:20:16","guid":{"rendered":"http:\/\/groundup.cdu.edu.au\/?page_id=220"},"modified":"2018-02-12T07:02:30","modified_gmt":"2018-02-12T07:02:30","slug":"community-profiles-and-action-plans","status":"publish","type":"page","link":"https:\/\/groundup.cdu.edu.au\/index.php\/community-profiles-and-action-plans\/","title":{"rendered":"Community Profiles and Action Plans"},"content":{"rendered":"<p><b>Funding:<\/b>CDEP Reforms &#8211; Laynhapuy Homelands Association<br \/>\n<b>Duration:<\/b> October 2009 &#8211; January 2010<br \/>\n<b>Location:<\/b> Laynhapuy Homelands<\/p>\n<p><b>Summary:<\/b><\/p>\n<ul class=\"bul\">\n<li>We worked with senior members of 22 homelands to develop \u2018Community Participation Profiles\u2019 and \u2018Community Action Plans\u2019<\/li>\n<li>Profiles and plans were developed for for B\u00e4lma, Barrkira, Bawaka, Bukudal, Bunha\u014bur, Burrum, Buymarr, Dh\u00e4liny, Dhuruputjpi, Djarrakpi, G\u00e4ngan, Garrthalala, Gurka\u2019wuy, Gurrumuru, Gutja\u014ban, Mirr\u014batja, Rayma\u014bgirr, Rurra\u014bala, Wandawuy, Yalakun, Y\u00e4\u014bunbi, Yilpara, and Yuduyudu<\/li>\n<li>Researchers conducted several meetings in each homeland community, facilitating and documenting discussions and ideas &#8211; shaping these into plans and profiles that were refined, edited and approved by senior community members<\/li>\n<\/ul>\n<hr \/>\n<div class=\"photoR\">\n<p>As part of the reforms to CDEP in 2009, we were invited by the\u00a0Laynha Homelands Association Incorporated\u00a0to work the senior members of 22 homelands to develop \u2018Community Participation Profiles\u2019 and \u2018Community Action Plans\u2019.<\/p>\n<\/div>\n<p>The work required several meetings at each community, conducted by CDU researchers familiar with the languages and the people of the many different small homeland centres.<\/p>\n<p>We developed profiles and plans for B\u00e4lma, Barrkira, Bawaka, Bukudal, Bunha\u014bur, Burrum, Buymarr, Dh\u00e4liny, Dhuruputjpi, Djarrakpi, G\u00e4ngan, Garrthalala, Gurka\u2019wuy, Gurrumuru, Gutja\u014ban, Mirr\u014batja, Rayma\u014bgirr, Rurra\u014bala, Wandawuy, Yalakun, Y\u00e4\u014bunbi, Yilpara, and Yu<u>d<\/u>uyu<u>d<\/u>u.<\/p>\n<p>Working with the community elders we were able to develop plans which reflected the vision of the people for their country.<\/p>\n","protected":false},"excerpt":{"rendered":"<p>Funding:CDEP Reforms &#8211; Laynhapuy Homelands Association Duration: October 2009 &#8211; January 2010 Location: Laynhapuy Homelands Summary: We worked with senior members of 22 homelands to develop \u2018Community Participation Profiles\u2019 and \u2018Community Action Plans\u2019 Profiles and plans were developed for for B\u00e4lma, Barrkira, Bawaka, Bukudal, Bunha\u014bur, Burrum, Buymarr, Dh\u00e4liny, Dhuruputjpi, Djarrakpi, G\u00e4ngan, Garrthalala, Gurka\u2019wuy, Gurrumuru, Gutja\u014ban, [&hellip;]<\/p>\n","protected":false},"author":2,"featured_media":0,"parent":0,"menu_order":0,"comment_status":"closed","ping_status":"closed","template":"","meta":{"footnotes":"","_links_to":"","_links_to_target":""},"class_list":["post-220","page","type-page","status-publish","hentry"],"_links":{"self":[{"href":"https:\/\/groundup.cdu.edu.au\/index.php\/wp-json\/wp\/v2\/pages\/220","targetHints":{"allow":["GET"]}}],"collection":[{"href":"https:\/\/groundup.cdu.edu.au\/index.php\/wp-json\/wp\/v2\/pages"}],"about":[{"href":"https:\/\/groundup.cdu.edu.au\/index.php\/wp-json\/wp\/v2\/types\/page"}],"author":[{"embeddable":true,"href":"https:\/\/groundup.cdu.edu.au\/index.php\/wp-json\/wp\/v2\/users\/2"}],"replies":[{"embeddable":true,"href":"https:\/\/groundup.cdu.edu.au\/index.php\/wp-json\/wp\/v2\/comments?post=220"}],"version-history":[{"count":3,"href":"https:\/\/groundup.cdu.edu.au\/index.php\/wp-json\/wp\/v2\/pages\/220\/revisions"}],"predecessor-version":[{"id":499,"href":"https:\/\/groundup.cdu.edu.au\/index.php\/wp-json\/wp\/v2\/pages\/220\/revisions\/499"}],"wp:attachment":[{"href":"https:\/\/groundup.cdu.edu.au\/index.php\/wp-json\/wp\/v2\/media?parent=220"}],"curies":[{"name":"wp","href":"https:\/\/api.w.org\/{rel}","templated":true}]}}