{"id":927,"date":"2022-08-31T05:55:47","date_gmt":"2022-08-31T05:55:47","guid":{"rendered":"http:\/\/groundup.cdu.edu.au\/?page_id=927"},"modified":"2026-02-24T00:32:22","modified_gmt":"2026-02-24T00:32:22","slug":"the-endangered-languages-of-makarrata","status":"publish","type":"page","link":"https:\/\/groundup.cdu.edu.au\/index.php\/the-endangered-languages-of-makarrata\/","title":{"rendered":"The Endangered languages of Makarra\u1e6fa"},"content":{"rendered":"\n<p><\/p>\n\n\n\n<p>Researchers from the First Nations Sovereignty and Diplomacy Centre and the Northern Institute have recently completed a project called the Endangered Languages of Makarra\u1e6fa (2022-2026).<\/p>\n\n\n\n<p>Makarra\u1e6fa is a set of ancient Yol\u014bu ritual practices in which groups of Yol\u014bu would come together to resolve particular serious conflicts, in order to prevent ongoing revenge bloodshed.<\/p>\n\n\n\n<p>Today the word Makarra\u1e6fa has been used in wider Australia to refer to various sorts of treaty processes, so this project was set up to record stories from Yol\u014bu elders to set the Yol\u014bu story straight.<\/p>\n\n\n\n<p>The work was funded by <em>The Australian Governments\u2019 Indigenous Languages and Arts<\/em> program and designed for Yol\u014bu knowledge authorities to tell important Makarra\u1e6fa stories, in their own ancestral languages, using their own key concepts.<\/p>\n\n\n\n<p>The project was led by Gawura Wa\u1e49ambi, \u1e3airrpiya Munu\u014bgurr, and Yasunori Hayashi to explore the history, language and practices of Makarra\u1e6fa while key senior knowledge authorities were still alive.&nbsp; It involved travel to six different places where the Makarra\u1e6fa conflict resolution rituals had taken place, and to several other places to record histories of conflicts which were not resolved by Makarra\u1e6fa. The places include Ga\u1e6ftji, Baryunda, W\u00e4rrawurr, Biranybirany, Gurka\u2019wuy, and three sites at Yurrwi (Milingimbi).<\/p>\n\n\n\n<p>Elders told stories in each place about what had happened there. Ben Ward recorded and edited the videos. Then many Yol\u014bu and balanda were involved in transcription, translation and analysis of the stories, and making booklets and uploading videos to be kept under the authority of local elders.&nbsp; The difficult concepts, practices and language involved in this work will be shared in the relevant clan groups into the future.<\/p>\n\n\n\n<p>Key Yol\u014bu who were involved included George Milaypuma, Lily Roy, Alfred Walpay, Yangipuy Wa\u1e49ambi, \u1e3aulparr Wa\u1e49ambi, W\u00e4ka Munu\u014bgurr, Larritjpira Munu\u014bgurr, Gupa**** Wunu\u014bmurra, Marayala Yunupi\u014bu, Wulwurr Yunupi\u014bu, Jonathan Djapinybuy, Mal\u014bumba Guyula, Jackie Minbirik, Paul Moldhu, Jackie \u014auluwi\u1e0fi, Peter Girirrkirirr, Bobby Marralinya, Djalpa\u1e6f Wa\u1e49ambi, Dhutpirr\u014ba Wa\u1e49ambi, Marikuku Wirrpanda, Damien Guyula, Bronson Dhamarrandji, Wesley Dhamarrandji, James Garmu, Joy Bulkanhawuy, Brenda Muthamuluwuy and Janelle Guyirkuyir.<\/p>\n\n\n\n<p>Now the funding for the project has finished, we are negotiating with elders ways of sharing the knowledge of Yol\u014bu peacemaking with people throughout Australia who are interested in Makarra\u1e6fa, and have often heard the word, but who don\u2019t know the true old stories behind the ancient Yol\u014bu rituals of conflict resolution.<\/p>\n\n\n\n<figure class=\"wp-block-gallery has-nested-images columns-default is-cropped wp-block-gallery-1 is-layout-flex wp-block-gallery-is-layout-flex\">\n<figure class=\"wp-block-image size-large\"><img loading=\"lazy\" decoding=\"async\" width=\"1024\" height=\"741\" data-id=\"1565\" src=\"https:\/\/groundup.cdu.edu.au\/wp-content\/uploads\/2026\/02\/20251201_135405-1024x741.jpg\" alt=\"\" class=\"wp-image-1565\" srcset=\"https:\/\/groundup.cdu.edu.au\/wp-content\/uploads\/2026\/02\/20251201_135405-1024x741.jpg 1024w, https:\/\/groundup.cdu.edu.au\/wp-content\/uploads\/2026\/02\/20251201_135405-300x217.jpg 300w, https:\/\/groundup.cdu.edu.au\/wp-content\/uploads\/2026\/02\/20251201_135405-768x556.jpg 768w, https:\/\/groundup.cdu.edu.au\/wp-content\/uploads\/2026\/02\/20251201_135405-1536x1112.jpg 1536w, https:\/\/groundup.cdu.edu.au\/wp-content\/uploads\/2026\/02\/20251201_135405-2048x1482.jpg 2048w\" sizes=\"auto, (max-width: 1024px) 100vw, 1024px\" \/><\/figure>\n\n\n\n<figure class=\"wp-block-image size-large\"><img loading=\"lazy\" decoding=\"async\" width=\"1024\" height=\"768\" data-id=\"1562\" src=\"https:\/\/groundup.cdu.edu.au\/wp-content\/uploads\/2026\/02\/IMG_7526-1024x768.jpeg\" alt=\"\" class=\"wp-image-1562\" srcset=\"https:\/\/groundup.cdu.edu.au\/wp-content\/uploads\/2026\/02\/IMG_7526-1024x768.jpeg 1024w, https:\/\/groundup.cdu.edu.au\/wp-content\/uploads\/2026\/02\/IMG_7526-300x225.jpeg 300w, https:\/\/groundup.cdu.edu.au\/wp-content\/uploads\/2026\/02\/IMG_7526-768x576.jpeg 768w, https:\/\/groundup.cdu.edu.au\/wp-content\/uploads\/2026\/02\/IMG_7526-1536x1152.jpeg 1536w, https:\/\/groundup.cdu.edu.au\/wp-content\/uploads\/2026\/02\/IMG_7526.jpeg 2048w\" sizes=\"auto, (max-width: 1024px) 100vw, 1024px\" \/><\/figure>\n<\/figure>\n\n\n\n<figure class=\"wp-block-image size-large\"><img loading=\"lazy\" decoding=\"async\" width=\"1024\" height=\"484\" src=\"https:\/\/groundup.cdu.edu.au\/wp-content\/uploads\/2026\/02\/1-1024x484.jpg\" alt=\"\" class=\"wp-image-1623\" srcset=\"https:\/\/groundup.cdu.edu.au\/wp-content\/uploads\/2026\/02\/1-1024x484.jpg 1024w, https:\/\/groundup.cdu.edu.au\/wp-content\/uploads\/2026\/02\/1-300x142.jpg 300w, https:\/\/groundup.cdu.edu.au\/wp-content\/uploads\/2026\/02\/1-768x363.jpg 768w, https:\/\/groundup.cdu.edu.au\/wp-content\/uploads\/2026\/02\/1-1536x726.jpg 1536w, https:\/\/groundup.cdu.edu.au\/wp-content\/uploads\/2026\/02\/1.jpg 1648w\" sizes=\"auto, (max-width: 1024px) 100vw, 1024px\" \/><\/figure>\n\n\n\n<figure class=\"wp-block-image size-large\"><img loading=\"lazy\" decoding=\"async\" width=\"1024\" height=\"439\" src=\"https:\/\/groundup.cdu.edu.au\/wp-content\/uploads\/2026\/02\/Yurrwi_pt3_photo4-1024x439.png\" alt=\"\" class=\"wp-image-1617\" srcset=\"https:\/\/groundup.cdu.edu.au\/wp-content\/uploads\/2026\/02\/Yurrwi_pt3_photo4-1024x439.png 1024w, https:\/\/groundup.cdu.edu.au\/wp-content\/uploads\/2026\/02\/Yurrwi_pt3_photo4-300x129.png 300w, https:\/\/groundup.cdu.edu.au\/wp-content\/uploads\/2026\/02\/Yurrwi_pt3_photo4-768x329.png 768w, https:\/\/groundup.cdu.edu.au\/wp-content\/uploads\/2026\/02\/Yurrwi_pt3_photo4-1536x659.png 1536w, https:\/\/groundup.cdu.edu.au\/wp-content\/uploads\/2026\/02\/Yurrwi_pt3_photo4.png 1607w\" sizes=\"auto, (max-width: 1024px) 100vw, 1024px\" \/><\/figure>\n\n\n\n<p>Photo credits: <\/p>\n\n\n\n<p>Fig. 1 Makarra\u1e6fa at Milingimbi 1920s, photo by WL Warner, permission George Milaypuma<\/p>\n\n\n\n<p>Fig. 2 Makin&#8217; (Makarra\u1e6fa) site at Baryunda. Photo Yasunori Hayashi <\/p>\n\n\n\n<p>Fig 3. \u1e3aulparr Wa\u1e49ambi (left), Gawura Wa\u1e49ambi (middle) and Yangipuy Wa\u1e49ambi (right) at G\u00e4l\u014buyu<\/p>\n\n\n\n<p>Fig 4. Alfred Walpay (left) and George Milaypuma (right) at Garki<\/p>\n\n\n\n<p>For further information contact: <a href=\"mailto:yolngustudies@cdu.edu.au\"><mark style=\"background-color:rgba(0, 0, 0, 0)\" class=\"has-inline-color has-vivid-cyan-blue-color\">yolngustudies@cdu.edu.au<\/mark><\/a><\/p>\n\n\n\n<div class=\"wp-block-group\"><div class=\"wp-block-group__inner-container is-layout-constrained wp-block-group-is-layout-constrained\">\n<div class=\"wp-block-columns is-layout-flex wp-container-core-columns-is-layout-9d6595d7 wp-block-columns-is-layout-flex\">\n<div class=\"wp-block-column is-layout-flow wp-block-column-is-layout-flow\"><\/div>\n\n\n\n<div class=\"wp-block-column is-layout-flow wp-block-column-is-layout-flow\"><\/div>\n<\/div>\n<\/div><\/div>\n","protected":false},"excerpt":{"rendered":"<p>Researchers from the First Nations Sovereignty and Diplomacy Centre and the Northern Institute have recently completed a project called the Endangered Languages of Makarra\u1e6fa (2022-2026). Makarra\u1e6fa is a set of ancient Yol\u014bu ritual practices in which groups of Yol\u014bu would come together to resolve particular serious conflicts, in order to prevent ongoing revenge bloodshed. Today [&hellip;]<\/p>\n","protected":false},"author":2,"featured_media":0,"parent":0,"menu_order":0,"comment_status":"closed","ping_status":"closed","template":"","meta":{"footnotes":"","_links_to":"","_links_to_target":""},"class_list":["post-927","page","type-page","status-publish","hentry"],"_links":{"self":[{"href":"https:\/\/groundup.cdu.edu.au\/index.php\/wp-json\/wp\/v2\/pages\/927","targetHints":{"allow":["GET"]}}],"collection":[{"href":"https:\/\/groundup.cdu.edu.au\/index.php\/wp-json\/wp\/v2\/pages"}],"about":[{"href":"https:\/\/groundup.cdu.edu.au\/index.php\/wp-json\/wp\/v2\/types\/page"}],"author":[{"embeddable":true,"href":"https:\/\/groundup.cdu.edu.au\/index.php\/wp-json\/wp\/v2\/users\/2"}],"replies":[{"embeddable":true,"href":"https:\/\/groundup.cdu.edu.au\/index.php\/wp-json\/wp\/v2\/comments?post=927"}],"version-history":[{"count":12,"href":"https:\/\/groundup.cdu.edu.au\/index.php\/wp-json\/wp\/v2\/pages\/927\/revisions"}],"predecessor-version":[{"id":1626,"href":"https:\/\/groundup.cdu.edu.au\/index.php\/wp-json\/wp\/v2\/pages\/927\/revisions\/1626"}],"wp:attachment":[{"href":"https:\/\/groundup.cdu.edu.au\/index.php\/wp-json\/wp\/v2\/media?parent=927"}],"curies":[{"name":"wp","href":"https:\/\/api.w.org\/{rel}","templated":true}]}}